-12.
14
Calculate 136 - (1 - -24 - 0 - (-287 + 303)).
127
Evaluate -28 + (-10 + 3 - -1 - 0 - (-1 - 0)).
-33
1 + -12 - (-19 + 33 - (1 - (2 + -3)))
-23
What is 8 + 54 + -5 - (24 - (2 - -5) - 6)?
46
What is -2 + 6 + -3 - -90 - (168 - 158)?
81
What is (-4 - (25 + -4)) + 28?
3
What is 7 + -86 + (-29 - -36) + 15?
-57
Evaluate 72 + -53 + (55 - 16) - -7.
65
(2 - 0) + -86 + (8 + 8 - 34 - -14)
-88
(-39 - -6 - -13 - -59) + -19
20
What is (50 - (108 + -44 + -41)) + 22?
49
What is the value of 16 - (46 - (32 + (-63 - -11)))?
-50
Evaluate (76 + -79 - -94) + -57.
34
What is the value of (1 + 0 - (56 + -61) - -37) + 10?
53
21 + 30 + 39 + -33
57
What is -63 + 55 + 7 - 37?
-38
What is 4 + -6 + 2 - 7 - (-9 - (4 + 51))?
57
Calculate -11 + -14 + 33 + -34 + 22.
-4
5 + (2 + -1 - -7 - 18) + 0 + 5
0
What is the value of 1 + 46 + (688 - 710) + 10?
35
Evaluate (-34 - (23 + 7 + 0)) + 19.
-45
Calculate (-16 - -1 - 12) + (4 - 18 - (-2 - 1)).
-38
What is 46 - (-34 - (-4 - 36)) - -5?
45
Calculate (-507 - -494) + 90 + -13.
64
Evaluate -30 + (11 - (15 + -19)) - (0 + (25 - 3)).
-37
What is the value of (91 - 3) + (13 + 0 - (24 - (-29 + 31)))?
79
Calculate -12 - (21 + -26 - (5 + (-3 - -6))).
1
What is -28 + 33 + -23 + -1 - 4?
-23
Calculate -5 - 1 - (60 - (156 - 77)).
13
Calculate (-12 - (-1 - 16 - -18)) + 24 + -38.
-27
What is the value of -28 + 10 + 1 + -7 + -3 + -6?
-33
Evaluate -6 - -9 - (3 - (0 + -6)) - 2.
-8
What is the value of 27 - (25 + -52 + -13)?
67
Evaluate 31 + (-16 - (7 + 8 + -18)) - 59.
-41
140 - (-7 + -8 - 36 - -70)
121
What is -16 - (-20 + 31 + 3 + -12) - -92?
74
Calculate 0 + 21 + (-11 - (0 - -61)).
-51
What is (-1 - -132) + (-164 + 136 - -44)?
147
What is 90 - (10 + (1 + -18 - (-1 + -13)))?
83
What is the value of 533 + -668 - (11 - 55)?
-91
13 + -4 + (-140 - -137)
6
-70 + 0 + ((37 - -17) + -69 - (4 + -23))
-66
Calculate -24 + (-24 - -91 - 64).
-21
What is the value of 50 + -76 + 29 + (1 - 34)?
-30
What is the value of 22 + 45 + -43 + -36?
-12
Evaluate 2131 + -2126 - (-55 - -1).
59
Evaluate -96 - (1 + -2) - (224 + 362 + -574).
-107
What is the value of (-20 - 114) + 24 + 63?
-47
(-6 - -1) + (-13 + (-11 - 8) - (-7 + 0))
-30
Evaluate (-57 - (-55 + 33)) + -12 + 45.
-2
Evaluate -16 + (207 + -105 - 150).
-64
What is (7 - 7) + -35 + -1 + -607 + 621?
-22
-65 - (-148 - -30) - 146
-93
Evaluate 4 + (8 - -1) + -45 - (3 - 1).
-34
What is 22 + -6 + -6 + (1 - (31 + 3 + 5))?
-28
-27 - (14 + 7 + 2 + -11 - -2)
-41
What is the value of 12 - (-2 - -3) - (1001 + -997)?
7
What is the value of -8 + 39 + (144 - 85) + (-20 - -1)?
71
What is the value of (53 + -67 - -160) + -74?
72
What is -11 + (0 + 40 - (3 - 5))?
31
-16 + -1 + 30 + (-24 - 0) + (30 - 25)
-6
What is the value of 3 - (-46 + 0 + -3) - (-93 - (53 + -143))?
55
Evaluate (-33 - 8 - -18) + 85.
62
(-1064 - -1065) + -41 + 3
-37
Calculate (90 + -8 - 88) + -72.
-78
Evaluate 29 - 1 - (-179 + 227 + -36).
16
What is 1707 + -1703 + 1 + -2?
3
6 - (-9 - -17) - (-5 + -11 - -4)
10
(-56 - (-2 + -66) - (-1 + (0 - -4))) + 97
106
What is (7 - 14) + (-4 - (3 - 45)) + 12?
43
Evaluate -368 + 347 - (-1 + (-2 - 1)).
-17
Evaluate (11 - (8 - (-10 + 14))) + (-2 - (-35 + 2)).
38
Calculate (-12 - (4 + -3)) + 1921 + -1925.
-17
(-13 + -28 - -37) + 3 + -1 + 34
32
What is the value of -2 + (-2 - -30) - -1 - (9 + 13 - 14)?
19
What is 6 + -1 + (6 - -2) - (-2157 + 2270)?
-100
What is 41 + -28 + 7 + 13 - (-7 - -1)?
39
Calculate -81 - (0 + (4 - 1) - (-10 + (33 - 24))).
-85
(0 - 77 - (36 + -4 + -31)) + 19
-59
Calculate -47 - (-64 + 63 + (17 - 40)).
-23
What is the value of (-37 - (-145 - -31)) + -32 - 40?
5
What is the value of 73 + -67 + (7 - -3) - (-2 - 25)?
43
Evaluate -90 + (2201 + -2226 - (-1 + -21)).
-93
Calculate -30 + 2 + -1 + (1 - 1) - (208 - 198).
-39
-14 + (124 - 70) + 24
64
What is the value of 4 + (6 - 5) + (20 - (-20 - -11))?
34
(53 - (97 - 37) - (2 + -10)) + (93 - 0)
94
What is the value of -1362 + 1339 + (2 - 27)?
-48
Evaluate (10 - 2) + -24 + -30 + 8 + 0.
-38
Calculate (0 - -2) + -4 + -17 + (-25 - -16).
-28
What is the value of 8 - (44 - (-12 + 65) - ((-63 - 2) + 1))?
-47
(1 - (-15 - -3)) + -15 + -46 + 7 + -6
-47
Calculate (-9 - 4) + 15 + (-10 - (-5 + 22)).
-25
What is 7 - (25 + (-2 - (-13 - -13))) - 7?
-23
Evaluate 3 + -5 - (-26 + (24 + -8 - 11) + -8).
27
What is (135 - 146 - (-35 + -2)) + 72?
98
Evaluate -94 + (4 - (-10 + 11 - -6) - 16).
-113
Evaluate (0 + 39 - (-3921 + 3952)) + (-21 - 2).
-15
Calculate -72 - (9 - (2 + 2 - -13) - 5 - -25).
-84
-35 + (-4 + -4 - (12 + -7 - 3)) - 2
-47
What is the value of -35 - (-21 + -3 - -31)?
-42
What is the value of 52 + -4 - (-23 + 11 + 13 + 2)?
45
Evaluate 397 + -436 - (-12 - (-2 - 5)).
-34
Evaluate 69 - ((-47 - -59) + (-1 - 12)) - (8 + -1).
63
-23 - (-7 - -10 - (-9 + (7 - -1) + 4))
-23
Evaluate (-20 - 0) + (63 - 58) - (-49 + -4).
38
What is the value of 0 + 4 + 0 + (276 + -221 - (99 - 2))?
-38
What is -88 - (55 + -70 + -16 + (-2 - -13))?
-68
Evaluate -8 + (-9 + 13 + -19 + 4 - 4).
-23
Evaluate 13 - (-2 + (-203 + 189 - (-35 + -2))).
-8
What is the value of 50 + 49 + -70 + 43?
72
Evaluate 28 + (-69 - (-37 - -52)) - 32.
-88
(-684 - -706) + (-2 - -4) + -72 + 1
-47
(-1170 - -1160) + (-1 - -1 - 2 - -53)
41
Evaluate -4 - (-5 + (-5 - -79)) - 0 - (0 + -6).
-67
What is the value of (2 - 39) + (-175 - (-320 - -77))?
31
63 + -5 + (12 + 42 - 41) + 18
89
Evaluate 35 + -39 + (-5 - -4) - -22.
17
-84 + 110 + -69 - 31
-74
Evaluate (1 - (-47 - 2)) + (-14 - (1 - 8)).
43
What is -99 + (-72 - -78 - -99)?
6
What is the value of 40 - (-50 + 24 + 103)?
-37
960 + -893 + -8 + 4 + 4
67
What is 41 + -72 + 13 + 48?
30
19 + (0 - 6) - 31 - -12 - -3
-3
19 - (-22 + 3 + 21 + 8)
9
What is -6 + ((2 - 3) + 114 + -26 - (-6 + -2))?
89
Calculate 5 - -26 - (-6 + (-31 - -152)).
-84
Evaluate (-7 + -6 + 18 + -15 - -21) + (5 - 6).
10
What is the value of 99 + -25 + -32 + 50?
92
What is -6 + -3 + 1 + (96 - (-11 + -7))?
106
Calculate (-17 - -60) + -80 + 36.
-1
What is 2 + -143 + (-66 + -87 - -177)?
-117
(66 - -12) + 9 - 46
41
What is (59 - (-11 + -17 + 28)) + (-2 - 5) + -1?
51
Evaluate 74 - (102 - (120 + -15)).
77
2 + 10 + (0 + 9 - (146 - 139))
14
5 + (-3 + 10 - -8) + 5 - -14
39
What is the value of (-40 - 1) + -12 - -14 - (-7 + -3)?
-29
Calculate (-89 - -28) + 67 - -83.
89
Calculate (13 - 23 - (6 - ((-5 - -17) + -1))) + -11.
-16
Calculate -33 - (468 + -521 + (23 - -2)).
-5
Evaluate -28 + (-94 - (-73 + (38 - 9))).
-78
What is the value of -47 - (100 - 193) - 79?
-33
What is the value of 56 + -50 + 76 + -42?
40
(49 + 2 - -6) + -105 + 126
78
-45 - -88 - (153 - 69)
-41
Calculate -68 + -10 + (18 - 15).
-75
What is the value of 73 + (-186 - 29) - ((-4 - -1) + 3 + -3)?
-139
What is the value of 4 - (-49 + 46 - (3 + -4 - -50))?
56
What is the value of -11 - (-10 - (6 - 10) - 14) - (6 + 80)?
-77
Calculate -11 - 72 - (-1102 - -1119).
-100
Calculate -17 - (3 + 2) - -31 - -36.
45
Calculate 81 + (-97 - -69) - -5.
58
Evaluate (11 - 14) + -13 + (-4 - -19) + -10 + 4.
-7
What is 11 - (-49 + 3 + 4 - -5)?
48
(-49 - (6 - 1)) + 44
-10
-138 + (-41 - -41) - (-1 - 2 - 3)
-132
What is the value of (129 + -5 - (39 - (17 - -9))) + -4?
107
Evaluate 36 + (0 - 9) + 26 + (-30 - (16 + -27)).
34
Evaluate (1 - -123) + -1142 + 1103.
85
What is the value of (-15 - -75) + -12 + -22 - 46?
-20
Calculate -124 + 52 + 62 - (0 + (-24 - 2)).
16
Calculate 6 - ((-218 - -194) + (-1 - -53)).
-22
What is -1 + 16 + 6 - (7 + -16 + -8)?
38
Calculate 0 + 33 + (1 - -14) + -8 + 0 + -3.
37
60 + -2 + (-746 - -706)
18
46 + 2 - (-84 - (-83 + -27))
22
What is the value of (-18 - -23 - (-12 - -15) - (64 - 1)) + 8?
-53
What is (22 - -69) + -8 + 28 + -18?
93
Evaluate (-7 - -24 - (-17 - -16)) + -20.
-2
What is 89 + -47 - (-24 - -14)?
52
Calculate -43 + 1 + (20 + 2 - 32) + 15.
-37
Calculate -18 + (84 - -26) - 19.
73
(23 - 46) + -44 + 39
-28
What is the value of 13 + (-13 - -44) - 95?
-51
26 + 3 + (48 - -15 - 65)
27
What is -15 + 23 + -22 + 0 + -5?
-19
Evaluate (66 - 9 - 17) + -43.
-3
What is 79 + 68 + -73 - 16?
58
What is the value of (-2 - -36) + (2 - 15)?
21
What is 20 + (-17 - 24) - 9 - -81?
51
What is -3 + (13 + (1 - (-12 + 23)) - (12 + -1))?
-11
What is the value of (-26 - -26) + (1 - -29 - (-74 - -72))?
32
Calculate 25 - ((16 - (12 - 12)) + -4).
13
What is (1 - 15) + ((5 - -18) + -20 - 3)?
-14
What is th